{"id":59,"date":"2014-10-18T00:23:58","date_gmt":"2014-10-17T22:23:58","guid":{"rendered":"http:\/\/yaoui.de\/?page_id=59"},"modified":"2021-08-05T21:47:12","modified_gmt":"2021-08-05T19:47:12","slug":"projekte","status":"publish","type":"page","link":"http:\/\/yaoui.de\/?page_id=59","title":{"rendered":"projekte"},"content":{"rendered":"<h3>&#8222;Ecole Primaire Publique de Yaoui&#8220;<\/h3>\n<p>Das aktuelle Hauptprojekt dient der Unterst\u00fctzung der Schule in Yaoui. Mit den Spendengeldern werden Teile der Lehrergeh\u00e4lter \u00fcbernommen, was in der Vergangenheit aus dem von den Sch\u00fclern entrichteten Schulgeld finanziert wurde. Aufgrund dieser Ma\u00dfnahme konnte das Schulgeld gesenkt werden, so dass sich nun mehr Familien einen Schulbesuch ihrer Kinder leisten k\u00f6nnen. Als Ergebnis dieser Ma\u00dfnahme stieg die Zahl der Sch\u00fcler um mehr als 25% an und die Schule konnte bei der Regierung erfolgreich einen Antrag auf finanzielle Unterst\u00fctzung f\u00fcr die Erweiterung der Schule durchsetzen.<\/p>\n<p>Nachdem seit Gr\u00fcndung des Vereins in den ersten Jahren das gespendete Geld durch ein Gr\u00fcndungsmitglied pers\u00f6nlich in der Schule \u00fcberreicht worden war, wurde zwischenzeitlich die Vereinsspende per \u00dcberweisung transferiert. Die \u00dcbermittlung war nicht unkompliziert und die direkten Ansprechpartner aus den vergangenen Jahren standen leider nicht\u00a0 mehr zur Verf\u00fcgung. 2014 stand das gesamte Projekt der F\u00f6rderung der Grundschule in Yaoui mangels Ansprechpartner vor dem Aus. Daher entschied der Verein, mittels Spendengeldern, eine Delegation von Mitgliedern 2014 nach Benin reisen zu lassen um zum Einen das Geld pers\u00f6nlich zu \u00fcberreichen und neue Kontakte zu kn\u00fcpfen. Dank der damals neu gewonnen Kontakte und vertiefen des gegenseitigen Vertrauens, konnte das Projekt dann doch weitergef\u00fchrt und zu dem heutigen Erfolg gemacht werden.<\/p>\n<p>\u00dcber Spendengelder wurden inzwischen 100 Schulb\u00e4nke f\u00fcr die Schule angeschafft, so da\u00df die desolate Situation (auf einem Platz f\u00fcr zwei Personen sa\u00dfen teilweise 4 bis 6 Sch\u00fcler) entsch\u00e4rft werden konnte.<\/p>\n<p>In den letzten drei Jahren wurden bauf\u00e4llige Schulgeb\u00e4ude saniert, eine Toilettenanlage und ein Geb\u00e4ude neu errichtet, welches der Schule und zeitweise auch dem Dorf als Freizeitzentrum dient.<\/p>\n<p>Das Freizeitzentrum wurde im Februar 2018 eingeweiht. Das Geb\u00e4ude ist unterteilt in eine gro\u00dfe Halle (86 m<sup>2<\/sup>), ein B\u00fcro (7,5 m<sup>2<\/sup>) und einen Abstellraum (10,5 m<sup>2<\/sup>).<\/p>\n<p>Dreiviertel der Baukosten wurden durch Spendengelder der Aktion \u201eEvangelische Kirche auf P\u00fctzchens Markt\u201c getragen. Die Yaoui Association in Benin \u00fcbernahm die restlichen Kosten.<\/p>\n<p>In diesem Freizeit- und Begegnungszentrum fand vom 19. bis 20. Dezember 2019 erneut ein wissenschaftlicher Workshop statt., an dem mehr als 30 Forscher der Universit\u00e4ten von Benin, Togo, Nigeria, der Elfenbeink\u00fcste und der Republik Niger teilnahmen.<\/p>\n<p>Im Jahr 2018 wurden, unter anderem durch Spendengelder der Evangelischen Kirche in Bonn-Beuel und den Verein zerbrochene Fenster an einigen Schulgeb\u00e4uden und das Haupttor der Gruppe A &amp; B repariert.<\/p>\n<p>Nachdem in den Jahren 2017 und 2018 die Spendengelder des Vereins dem Neubau und der Sanierung der Schulgeb\u00e4ude zu Gute kamen, wurden 2019 mit Hilfe des Vereins und Spenden seiner Freunde und F\u00f6rderer neue St\u00fchle f\u00fcr das Freizeitzentrum finanziert. Jeder Spender erhielt dabei ein Bild mit seinem Namen auf dem von ihm gespendeten Stuhl.<\/p>\n<p>Im Oktober 2019 wurden, u.a. auch durch die Unterst\u00fctzung des Vereins, vier neue, qualifizierte Lehrkr\u00e4fte (zwei Lehrerinnen und zwei Lehrer) eingestellt.<\/p>\n<p>Mit dem zur Verf\u00fcgung gestellten Geld wurden Ende 2019 drei Paar kleine Tore und sechs B\u00e4lle gekauft und an die drei Schulgruppen zum Training der Sch\u00fcler abgegeben.<\/p>\n<p>Im Jahr 2020 konzentrierten sich die Aktionen des Vereins darauf Spendengelder f\u00fcr die n\u00e4chste Reise nach Benin zu sammeln. Bereits 2014 fand eine Reise einiger Vereinsmitglieder nach Benin statt. Die dort neu gekn\u00fcpften Verbindungen waren sehr wichtig f\u00fcr die Zusammenarbeit und das gegenseitige Vertrauen. Da wir selber nicht in Yaoui andauernd vor Ort sein k\u00f6nnen, sind vertrauensvolle Personen vor Ort f\u00fcr unsere Arbeit sehr wichtig da sie uns pers\u00f6nlichen kennen und die Situation vor Ort erleben. Der zweite Punkt ist insofern wichtig, damit Gelder nicht in unn\u00f6tige Projekte flie\u00dfen.<\/p>\n<p>Eine solche Fahrt ist kein Erholungsurlaub. Sie ist mit offiziellen Terminen und Treffen mit vielen Vertretern der Schule, der Regierung, sowie mit Sch\u00fclerInnen, LehrerInnen und Verantwortlichen anderer Projekte sehr eng getaktet. Hinzu kommt da\u00df die \u00a0klimatische Situation ungewohnt ist und man sich au\u00dferhalb touristisch erschlossener Gebiete bewegt, was manchmal zu sehr ungew\u00f6hnliche \u00dcbernachtungsm\u00f6glichkeiten f\u00fchrt. Dennoch sieht der Verein und vor allem die Schule \u00a0es als unabdingbar an die Verbindungen weiterhin pers\u00f6nlich zu unterstreichen, voneinander zu lernen und neue Impulse f\u00fcr weitere Projekte zu beleben.<\/p>\n<p>Die aktuelle besondere Situation der Corona-Pandemie stellt auch den Verein Yaoui e.V. vor neue Herausforderungen. Die Gro\u00dfveranstaltung \u201eP\u00fctzchens Markt\u201c, auf der bisher durch ehrenamtliche Mitarbeiter der evangelischen Kirche in Beuel ein Teil der an den Verein \u00fcbermittelten Spendengelder eingenommen wurden, fand im letzten Jahr nicht statt und man wei\u00df noch nicht ob sie 2021 stattfinden wird. Der Verein sucht daher weitere M\u00f6glichkeiten um, zus\u00e4tzlich zu den Geldern aus Mitgliedsbeitr\u00e4gen, Spendengelder f\u00fcr die Unterst\u00fctzung der Schule in Yaoui zu sichern.<\/p>\n<p><strong>\u00a0<\/strong><\/p>\n<p><strong>Die ausf\u00fchrlichen Berichte zu allen \u00a0Projekten k\u00f6nnen den Newslettern entnommen werden.<\/strong><\/p>\n","protected":false},"excerpt":{"rendered":"<p>&#8222;Ecole Primaire Publique de Yaoui&#8220; Das aktuelle Hauptprojekt dient der Unterst\u00fctzung der Schule in Yaoui. Mit den Spendengeldern werden Teile der Lehrergeh\u00e4lter \u00fcbernommen, was in der Vergangenheit aus dem von den Sch\u00fclern entrichteten Schulgeld finanziert wurde. Aufgrund dieser Ma\u00dfnahme konnte das Schulgeld gesenkt werden, so dass sich nun mehr Familien einen Schulbesuch ihrer Kinder leisten &hellip; <a href=\"http:\/\/yaoui.de\/?page_id=59\" class=\"more-link\"><span class=\"screen-reader-text\">projekte<\/span> weiterlesen <span class=\"meta-nav\">&rarr;<\/span><\/a><\/p>\n","protected":false},"author":1,"featured_media":0,"parent":5,"menu_order":0,"comment_status":"closed","ping_status":"closed","template":"","meta":{"footnotes":""},"language":[7],"class_list":["post-59","page","type-page","status-publish","hentry","language-de_de"],"_links":{"self":[{"href":"http:\/\/yaoui.de\/index.php?rest_route=\/wp\/v2\/pages\/59","targetHints":{"allow":["GET"]}}],"collection":[{"href":"http:\/\/yaoui.de\/index.php?rest_route=\/wp\/v2\/pages"}],"about":[{"href":"http:\/\/yaoui.de\/index.php?rest_route=\/wp\/v2\/types\/page"}],"author":[{"embeddable":true,"href":"http:\/\/yaoui.de\/index.php?rest_route=\/wp\/v2\/users\/1"}],"replies":[{"embeddable":true,"href":"http:\/\/yaoui.de\/index.php?rest_route=%2Fwp%2Fv2%2Fcomments&post=59"}],"version-history":[{"count":3,"href":"http:\/\/yaoui.de\/index.php?rest_route=\/wp\/v2\/pages\/59\/revisions"}],"predecessor-version":[{"id":1172,"href":"http:\/\/yaoui.de\/index.php?rest_route=\/wp\/v2\/pages\/59\/revisions\/1172"}],"up":[{"embeddable":true,"href":"http:\/\/yaoui.de\/index.php?rest_route=\/wp\/v2\/pages\/5"}],"wp:attachment":[{"href":"http:\/\/yaoui.de\/index.php?rest_route=%2Fwp%2Fv2%2Fmedia&parent=59"}],"wp:term":[{"taxonomy":"language","embeddable":true,"href":"http:\/\/yaoui.de\/index.php?rest_route=%2Fwp%2Fv2%2Flanguage&post=59"}],"curies":[{"name":"wp","href":"https:\/\/api.w.org\/{rel}","templated":true}]}}