{"id":233,"date":"2014-12-30T21:27:31","date_gmt":"2014-12-30T19:27:31","guid":{"rendered":"http:\/\/yaoui.de\/?page_id=233"},"modified":"2015-01-30T22:39:35","modified_gmt":"2015-01-30T20:39:35","slug":"projets","status":"publish","type":"page","link":"https:\/\/yaoui.de\/?page_id=233","title":{"rendered":"projets"},"content":{"rendered":"<h3>&#8222;\u00c9cole Primaire Publique de Yaoui&#8220;:<\/h3>\n<p>Soutien de l&#8217;\u00e9cole a Yaoui. L&#8217;argent collect\u00e9 a \u00e9t\u00e9 remis personnellement aux proviseurs de l&#8217;\u00e9cole et \u00e0 l&#8217;\u00e9quipe dirigeante du village pendant les trois ann\u00e9es pass\u00e9es. Avec cette contribution financi\u00e8re on a r\u00e9ussi \u00e0 couvrir une partie du salaire d&#8217;un professeur qui a \u00e9t\u00e9 r\u00e9mun\u00e9r\u00e9 dans le pass\u00e9 des frais de scolarit\u00e9 des \u00e9l\u00e8ves. \u00c0 la suite de cette mesure on a pu baisser des frais de scolarit\u00e9 en sorte que maintenant plus de familles peuvent se permettre la d\u00e9pense de la fr\u00e9quentation de l&#8217;\u00e9cole pour leurs enfants.<br \/>\nEn plus on a achet\u00e9 des mat\u00e9riaux d&#8217;\u00e9tudes pour les \u00e9l\u00e8ves comme par exemple des livres, de la craie, des crayons, des cahiers etc. L&#8217;effet de cette mesure \u00e9tait que le nombre des \u00e9l\u00e8ves a augment\u00e9 \u00e0 environ 25% et que l&#8217;\u00e9cole a impos\u00e9 avec succ\u00e8s une demande au support financier pour l&#8217;\u00e9largissement de l&#8217;\u00e9cole au governement.<\/p>\n","protected":false},"excerpt":{"rendered":"<p>&#8222;\u00c9cole Primaire Publique de Yaoui&#8220;: Soutien de l&#8217;\u00e9cole a Yaoui. L&#8217;argent collect\u00e9 a \u00e9t\u00e9 remis personnellement aux proviseurs de l&#8217;\u00e9cole et \u00e0 l&#8217;\u00e9quipe dirigeante du village pendant les trois ann\u00e9es pass\u00e9es. Avec cette contribution financi\u00e8re on a r\u00e9ussi \u00e0 couvrir une partie du salaire d&#8217;un professeur qui a \u00e9t\u00e9 r\u00e9mun\u00e9r\u00e9 dans le pass\u00e9 des frais &hellip; <a href=\"https:\/\/yaoui.de\/?page_id=233\" class=\"more-link\"><span class=\"screen-reader-text\">projets<\/span> weiterlesen <span class=\"meta-nav\">&rarr;<\/span><\/a><\/p>\n","protected":false},"author":2,"featured_media":0,"parent":453,"menu_order":0,"comment_status":"closed","ping_status":"closed","template":"","meta":{"footnotes":""},"language":[8],"class_list":["post-233","page","type-page","status-publish","hentry","language-fr_fr"],"_links":{"self":[{"href":"https:\/\/yaoui.de\/index.php?rest_route=\/wp\/v2\/pages\/233","targetHints":{"allow":["GET"]}}],"collection":[{"href":"https:\/\/yaoui.de\/index.php?rest_route=\/wp\/v2\/pages"}],"about":[{"href":"https:\/\/yaoui.de\/index.php?rest_route=\/wp\/v2\/types\/page"}],"author":[{"embeddable":true,"href":"https:\/\/yaoui.de\/index.php?rest_route=\/wp\/v2\/users\/2"}],"replies":[{"embeddable":true,"href":"https:\/\/yaoui.de\/index.php?rest_route=%2Fwp%2Fv2%2Fcomments&post=233"}],"version-history":[{"count":3,"href":"https:\/\/yaoui.de\/index.php?rest_route=\/wp\/v2\/pages\/233\/revisions"}],"predecessor-version":[{"id":785,"href":"https:\/\/yaoui.de\/index.php?rest_route=\/wp\/v2\/pages\/233\/revisions\/785"}],"up":[{"embeddable":true,"href":"https:\/\/yaoui.de\/index.php?rest_route=\/wp\/v2\/pages\/453"}],"wp:attachment":[{"href":"https:\/\/yaoui.de\/index.php?rest_route=%2Fwp%2Fv2%2Fmedia&parent=233"}],"wp:term":[{"taxonomy":"language","embeddable":true,"href":"https:\/\/yaoui.de\/index.php?rest_route=%2Fwp%2Fv2%2Flanguage&post=233"}],"curies":[{"name":"wp","href":"https:\/\/api.w.org\/{rel}","templated":true}]}}