{"id":5,"date":"2014-09-30T22:05:30","date_gmt":"2014-09-30T20:05:30","guid":{"rendered":"http:\/\/yaoui.de\/?page_id=5"},"modified":"2025-01-20T22:33:32","modified_gmt":"2025-01-20T20:33:32","slug":"ueber-uns","status":"publish","type":"page","link":"https:\/\/yaoui.de\/?page_id=5","title":{"rendered":"\u00fcber uns"},"content":{"rendered":"\n<p>Die Gr\u00fcndungsversammlung f\u00fcr den Verein Yaoui e.V. fand am 13. Juli 2006 in Bonn statt. Der Name des Vereins leitet sich ab aus dem Namen des Dorfes Yaoui in Benin, zu dem die Initiatoren des Vereins bereits seit 2002 Beziehungen pflegen.<\/p>\n\n\n\n<p>Zweck des Vereins ist die Unterst\u00fctzung und F\u00f6rderung von Entwicklungshilfeprojekten in Entwicklungsl\u00e4ndern. Bewusst wurde dabei die Arbeit nicht allein auf das Dorf Yaoui eingeschr\u00e4nkt, auch wenn sich im Moment die Projektarbeit einzig darauf konzentriert.<\/p>\n\n\n\n<p>Die bisherige Arbeit in Yaoui, die urspr\u00fcnglich auf der Unterst\u00fctzung der Ev. Kirchengemeinde Beuel basierte, wurde mit Gr\u00fcndung des Vereins weiter ausgebaut und k\u00f6nnte in Zukunft eventuell auch auf andere gesellschaftliche und soziale Bereiche des Dorfes Yaoui ausgedehnt werden.<\/p>\n\n\n\n<p>Das aktuelle Projekt ist die Unterst\u00fctzung der Schule in Yaoui. Dabei wurde das Geld in den ersten drei Jahren an die Direktoren der Schule und Dorfvorsteher pers\u00f6nlich \u00fcbergeben. Die Reise des Vereinsmitglieds wurde aus anderen Quellen finanziert so dass 100% des gespendeten Geldes der Schule zur Verf\u00fcgung stand. Inzwischen wird die Spende per gesicherter \u00dcberweisung versendet.&nbsp; Mit dem Geld werden Teile der Lehrergeh\u00e4lter \u00fcbernommen, sowie diverse Sanierungs- und Neubauprojekte auf dem Schulgel\u00e4nde mitfinanziert.<br>Aufgrund der Mithilfe des Vereins wurde die Schule auch durch das Land Benin unterst\u00fctz , so dass das Schulgeld entfiel und in Folge sich nun mehr Familien einen Schulbesuch ihrer Kinder leisten k\u00f6nnen.&nbsp; Des Weiteren werden kontinuierlich Lernmittel wie B\u00fccher, Kreide, Stifte, Hefte, usw. f\u00fcr die Sch\u00fcler finanziert.<br>Durch die kontinuierliche Mithilfe des Vereins sollen diese Ma\u00dfnahmen vor Ort weiter unterst\u00fctzt werden. Inzwischen kann ein gro\u00dfer Teil der j\u00e4hrlichen Spenden allein durch Mitgliederbeitr\u00e4ge an die Schule weitergegeben werden. Ein \u00fcber die letzten Jahre hinweg wichtiger Partner in der Unterst\u00fctzung der Projekte des Vereins ist die Evangelische Kirchengemeinde Beuel durch ihre Spenden an den Verein Yaoui e.V..<\/p>\n\n\n\n<p>Ziel des Vereins ist es, die bisherige Zusammenarbeit mit der Schule in Yaoui zu vertiefen und diese eventuell auf \u00f6konomische, soziale und \u00f6kologische Bereiche auszuweiten.<\/p>\n\n\n\n<p>Um die Entwicklung weiterhin zu f\u00f6rdern, freuen wir uns \u00fcber jede Unterst\u00fctzung.<\/p>\n\n\n\n<div class=\"wp-block-fruitful-blocks-fruitful-sep undefined ff fruitful_sep\" style=\"background-color:#db572f;height:5px\"><\/div>\n\n\n<div class=\"wp-block-image\">\n<figure class=\"alignright\"><a href=\"http:\/\/yaoui.de\/wp-content\/uploads\/2020\/03\/Uli.jpg\" rel=\"lightbox[5]\"><img loading=\"lazy\" decoding=\"async\" width=\"200\" height=\"300\" src=\"http:\/\/yaoui.de\/wp-content\/uploads\/2020\/03\/Uli-200x300.jpg\" alt=\"Wir trauern um Ulrich Scharf\" class=\"wp-image-1077\" srcset=\"https:\/\/yaoui.de\/wp-content\/uploads\/2020\/03\/Uli-200x300.jpg 200w, https:\/\/yaoui.de\/wp-content\/uploads\/2020\/03\/Uli.jpg 640w\" sizes=\"auto, (max-width: 200px) 100vw, 200px\" \/><\/a><\/figure><\/div>\n\n\n<p>Lieber Uli,<br>mit gro\u00dfer Dankbarkeit blicken wir auf die Zeit zur\u00fcck, die wir mit Dir verbringen durften. Du warst von Anfang an eine wesentliche St\u00fctze unseres Vereins. Aber vor allem warst Du ein wunderbarer Freund. Wir werden die gemeinsamen Gespr\u00e4che, Deine Ratschl\u00e4ge in allen Lebenslagen, Deinen Humor und Deinen unersch\u00fctterlichen Optimismus sehr vermissen.<br>Dein Besuch in Benin und Yaoui Anfang 2014 hat Dir viel bedeutet und war auch f\u00fcr den Verein immens wichtig. Auch daf\u00fcr danken wir Dir von Herzen. Wir hoffen, dass Du es gut hast, dort wo Du jetzt bist. Vielleicht blickst Du ab und an zu uns herunter und erinnerst uns mit einem L\u00e4cheln an Dein Motto: Don&#8217;t panic!<\/p>\n\n\n\n<p>Ulrich Scharf ist am 13. M\u00e4rz 2020 nach langer Krankheit von uns gegangen.<\/p>\n\n\n\n<p><\/p>\n","protected":false},"excerpt":{"rendered":"<p>Die Gr\u00fcndungsversammlung f\u00fcr den Verein Yaoui e.V. fand am 13. Juli 2006 in Bonn statt. Der Name des Vereins leitet sich ab aus dem Namen des Dorfes Yaoui in Benin, zu dem die Initiatoren des Vereins bereits seit 2002 Beziehungen pflegen. Zweck des Vereins ist die Unterst\u00fctzung und F\u00f6rderung von Entwicklungshilfeprojekten in Entwicklungsl\u00e4ndern. Bewusst wurde &hellip; <a href=\"https:\/\/yaoui.de\/?page_id=5\" class=\"more-link\"><span class=\"screen-reader-text\">\u00fcber uns<\/span> weiterlesen <span class=\"meta-nav\">&rarr;<\/span><\/a><\/p>\n","protected":false},"author":1,"featured_media":0,"parent":0,"menu_order":0,"comment_status":"closed","ping_status":"closed","template":"","meta":{"footnotes":""},"language":[7],"class_list":["post-5","page","type-page","status-publish","hentry","language-de_de"],"_links":{"self":[{"href":"https:\/\/yaoui.de\/index.php?rest_route=\/wp\/v2\/pages\/5","targetHints":{"allow":["GET"]}}],"collection":[{"href":"https:\/\/yaoui.de\/index.php?rest_route=\/wp\/v2\/pages"}],"about":[{"href":"https:\/\/yaoui.de\/index.php?rest_route=\/wp\/v2\/types\/page"}],"author":[{"embeddable":true,"href":"https:\/\/yaoui.de\/index.php?rest_route=\/wp\/v2\/users\/1"}],"replies":[{"embeddable":true,"href":"https:\/\/yaoui.de\/index.php?rest_route=%2Fwp%2Fv2%2Fcomments&post=5"}],"version-history":[{"count":11,"href":"https:\/\/yaoui.de\/index.php?rest_route=\/wp\/v2\/pages\/5\/revisions"}],"predecessor-version":[{"id":1505,"href":"https:\/\/yaoui.de\/index.php?rest_route=\/wp\/v2\/pages\/5\/revisions\/1505"}],"wp:attachment":[{"href":"https:\/\/yaoui.de\/index.php?rest_route=%2Fwp%2Fv2%2Fmedia&parent=5"}],"wp:term":[{"taxonomy":"language","embeddable":true,"href":"https:\/\/yaoui.de\/index.php?rest_route=%2Fwp%2Fv2%2Flanguage&post=5"}],"curies":[{"name":"wp","href":"https:\/\/api.w.org\/{rel}","templated":true}]}}

über uns

<p>Die Gründungsversammlung für den Verein Yaoui e.V. fand am 13. Juli 2006 in Bonn statt. Der Name des Vereins leitet sich ab aus dem Namen des Dorfes Yaoui in Benin, zu dem die Initiatoren des Vereins bereits seit 2002 Beziehungen pflegen.</p>



<p>Zweck des Vereins ist die Unterstützung und Förderung von Entwicklungshilfeprojekten in Entwicklungsländern. Bewusst wurde dabei die Arbeit nicht allein auf das Dorf Yaoui eingeschränkt, auch wenn sich im Moment die Projektarbeit einzig darauf konzentriert.</p>



<p>Die bisherige Arbeit in Yaoui, die ursprünglich auf der Unterstützung der Ev. Kirchengemeinde Beuel basierte, wurde mit Gründung des Vereins weiter ausgebaut und könnte in Zukunft eventuell auch auf andere gesellschaftliche und soziale Bereiche des Dorfes Yaoui ausgedehnt werden.</p>



<p>Das aktuelle Projekt ist die Unterstützung der Schule in Yaoui. Dabei wurde das Geld in den ersten drei Jahren an die Direktoren der Schule und Dorfvorsteher persönlich übergeben. Die Reise des Vereinsmitglieds wurde aus anderen Quellen finanziert so dass 100% des gespendeten Geldes der Schule zur Verfügung stand. Inzwischen wird die Spende per gesicherter Überweisung versendet.&nbsp; Mit dem Geld werden Teile der Lehrergehälter übernommen, sowie diverse Sanierungs- und Neubauprojekte auf dem Schulgelände mitfinanziert.<br>Aufgrund der Mithilfe des Vereins wurde die Schule auch durch das Land Benin unterstütz , so dass das Schulgeld entfiel und in Folge sich nun mehr Familien einen Schulbesuch ihrer Kinder leisten können.&nbsp; Des Weiteren werden kontinuierlich Lernmittel wie Bücher, Kreide, Stifte, Hefte, usw. für die Schüler finanziert.<br>Durch die kontinuierliche Mithilfe des Vereins sollen diese Maßnahmen vor Ort weiter unterstützt werden. Inzwischen kann ein großer Teil der jährlichen Spenden allein durch Mitgliederbeiträge an die Schule weitergegeben werden. Ein über die letzten Jahre hinweg wichtiger Partner in der Unterstützung der Projekte des Vereins ist die Evangelische Kirchengemeinde Beuel durch ihre Spenden an den Verein Yaoui e.V..</p>



<p>Ziel des Vereins ist es, die bisherige Zusammenarbeit mit der Schule in Yaoui zu vertiefen und diese eventuell auf ökonomische, soziale und ökologische Bereiche auszuweiten.</p>



<p>Um die Entwicklung weiterhin zu fördern, freuen wir uns über jede Unterstützung.</p>



<div class="wp-block-fruitful-blocks-fruitful-sep undefined ff fruitful_sep" style="background-color:#db572f;height:5px"></div>


<div class="wp-block-image">
<figure class="alignright"><a href="http://yaoui.de/wp-content/uploads/2020/03/Uli.jpg" rel="lightbox[5]"><img loading="lazy" decoding="async" width="200" height="300" src="http://yaoui.de/wp-content/uploads/2020/03/Uli-200x300.jpg" alt="Wir trauern um Ulrich Scharf" class="wp-image-1077" srcset="https://yaoui.de/wp-content/uploads/2020/03/Uli-200x300.jpg 200w, https://yaoui.de/wp-content/uploads/2020/03/Uli.jpg 640w" sizes="auto, (max-width: 200px) 100vw, 200px" /></a></figure></div>


<p>Lieber Uli,<br>mit großer Dankbarkeit blicken wir auf die Zeit zurück, die wir mit Dir verbringen durften. Du warst von Anfang an eine wesentliche Stütze unseres Vereins. Aber vor allem warst Du ein wunderbarer Freund. Wir werden die gemeinsamen Gespräche, Deine Ratschläge in allen Lebenslagen, Deinen Humor und Deinen unerschütterlichen Optimismus sehr vermissen.<br>Dein Besuch in Benin und Yaoui Anfang 2014 hat Dir viel bedeutet und war auch für den Verein immens wichtig. Auch dafür danken wir Dir von Herzen. Wir hoffen, dass Du es gut hast, dort wo Du jetzt bist. Vielleicht blickst Du ab und an zu uns herunter und erinnerst uns mit einem Lächeln an Dein Motto: Don&#8217;t panic!</p>



<p>Ulrich Scharf ist am 13. März 2020 nach langer Krankheit von uns gegangen.</p>



<p></p>

<p>Die Gründungsversammlung für den Verein Yaoui e.V. fand am 13. Juli 2006 in Bonn statt. Der Name des Vereins leitet sich ab aus dem Namen des Dorfes Yaoui in Benin, zu dem die Initiatoren des Vereins bereits seit 2002 Beziehungen pflegen. Zweck des Vereins ist die Unterstützung und Förderung von Entwicklungshilfeprojekten in Entwicklungsländern. Bewusst wurde &hellip; <a href="https://yaoui.de/?page_id=5" class="more-link"><span class="screen-reader-text">über uns</span> weiterlesen <span class="meta-nav">&rarr;</span></a></p>
