{"id":809,"date":"2015-01-31T00:54:43","date_gmt":"2015-01-30T22:54:43","guid":{"rendered":"http:\/\/yaoui.de\/?page_id=809"},"modified":"2024-10-20T14:41:09","modified_gmt":"2024-10-20T12:41:09","slug":"page-daccueil","status":"publish","type":"page","link":"https:\/\/yaoui.de\/?page_id=809","title":{"rendered":"page d&#8217;accueil"},"content":{"rendered":"<p><a href=\"http:\/\/yaoui.de\/wp-content\/uploads\/2014\/10\/Vereinslogo_neu.jpg\" rel=\"lightbox[1234]\"><img loading=\"lazy\" decoding=\"async\" class=\"size-full wp-image-94\" src=\"http:\/\/yaoui.de\/wp-content\/uploads\/2014\/10\/Vereinslogo_neu.jpg\" alt=\"Logo-Banner\" width=\"550\" height=\"130\" srcset=\"https:\/\/yaoui.de\/wp-content\/uploads\/2014\/10\/Vereinslogo_neu.jpg 550w, https:\/\/yaoui.de\/wp-content\/uploads\/2014\/10\/Vereinslogo_neu-300x70.jpg 300w\" sizes=\"auto, (max-width: 550px) 100vw, 550px\" \/><\/a><\/p>\n<p>Actuellement l&#8217;organisation se concentre sur Yaoui, un village \u00e0 B\u00e9nin en Afrique de l&#8217;Ouest, o\u00f9 on soutient une \u00e9cole et rend possible en m\u00eame temps l&#8217;\u00e9ducation des enfants du village entier.<\/p>\n<p>Pour plus de d\u00e9tails et d&#8217;informations sur d&#8217;afiliation, s&#8217;il vous pla\u00eet vous r\u00e9f\u00e9rer \u00e0 notre <a href=\"http:\/\/yaoui.de\/wp-content\/uploads\/2021\/05\/Flyer_Vorlage_2021.pdf\" target=\"_blank\" rel=\"noopener noreferrer\">pliant d\u2019information<\/a> (en allemand).<\/p>\n<div id=\"metaslider-id-742\" style=\"max-width: 700px;\" class=\"ml-slider-3-92-0 metaslider metaslider-flex metaslider-742 ml-slider ms-theme-default\" role=\"region\" aria-roledescription=\"Slideshow\" aria-label=\"Neue Diashow\">\n    <div id=\"metaslider_container_742\">\n        <div id=\"metaslider_742\">\n            <ul class='slides'>\n                <li style=\"display: block; width: 100%;\" class=\"slide-159 ms-image \" aria-roledescription=\"slide\" aria-label=\"slide-159\"><img loading=\"lazy\" decoding=\"async\" src=\"https:\/\/yaoui.de\/wp-content\/uploads\/2014\/12\/Benin-2014-\u2013-0491-e1418507117922-700x350.jpg\" height=\"350\" width=\"700\" alt=\"\" class=\"slider-742 slide-159\" \/><\/li>\n                <li style=\"display: none; width: 100%;\" class=\"slide-743 ms-image \" aria-roledescription=\"slide\" aria-label=\"slide-743\"><img loading=\"lazy\" decoding=\"async\" src=\"https:\/\/yaoui.de\/wp-content\/uploads\/2015\/01\/Benin-2014-\u2013-0264-700x350.jpg\" height=\"350\" width=\"700\" alt=\"\" class=\"slider-742 slide-743\" \/><\/li>\n                <li style=\"display: none; width: 100%;\" class=\"slide-744 ms-image \" aria-roledescription=\"slide\" aria-label=\"slide-744\"><img loading=\"lazy\" decoding=\"async\" src=\"https:\/\/yaoui.de\/wp-content\/uploads\/2015\/01\/Benin-2014-\u2013-0650-700x350.jpg\" height=\"350\" width=\"700\" alt=\"\" class=\"slider-742 slide-744\" \/><\/li>\n                <li style=\"display: none; width: 100%;\" class=\"slide-745 ms-image \" aria-roledescription=\"slide\" aria-label=\"slide-745\"><img loading=\"lazy\" decoding=\"async\" src=\"https:\/\/yaoui.de\/wp-content\/uploads\/2015\/01\/Benin-2014-\u2013-0849-700x350.jpg\" height=\"350\" width=\"700\" alt=\"\" class=\"slider-742 slide-745\" \/><\/li>\n            <\/ul>\n        <\/div>\n        \n    <\/div>\n<\/div>\n<h3>Actuel<\/h3>\n<p><strong>Nous pleurons la perte de notre 1er pr\u00e9sident Ulrich Scharf.<\/strong><\/p>\n<p><a href=\"http:\/\/yaoui.de\/wp-content\/uploads\/2020\/03\/Uli.jpg\" rel=\"lightbox[1234]\"><img loading=\"lazy\" decoding=\"async\" class=\"size-medium wp-image-1077 alignright\" src=\"http:\/\/yaoui.de\/wp-content\/uploads\/2020\/03\/Uli-200x300.jpg\" alt=\"Wir trauern um Ulrich Scharf\" width=\"200\" height=\"300\" srcset=\"https:\/\/yaoui.de\/wp-content\/uploads\/2020\/03\/Uli-200x300.jpg 200w, https:\/\/yaoui.de\/wp-content\/uploads\/2020\/03\/Uli.jpg 640w\" sizes=\"auto, (max-width: 200px) 100vw, 200px\" \/><\/a>Cher Uli,<br \/>\nnous regardons en arri\u00e8re avec une grande gratitude pour le temps que nous avons \u00e9t\u00e9 autoris\u00e9s \u00e0 passer avec toi. Tu as \u00e9t\u00e9 un pilier essentiel de notre association depuis le d\u00e9but. Mais surtout, tu \u00e9tais un merveilleux ami. Nous manquerons les discussions mutuelles, tes conseils dans toutes les situations, ton humour et ton optimisme \u00e1 toute \u00e9preuve.<br \/>\nVotre visite au B\u00e9nin et \u00e0 Yaoui d\u00e9but 2014 a beaucoup compt\u00e9 pour vous et a \u00e9galement \u00e9t\u00e9 extr\u00eamement importante pour l&#8217;associacion. Nous vous en remercions du fond du c\u0153ur \u00e9galement. Nous esp\u00e9rons que vous allez bien o\u00f9 vous en \u00eates maintenant. Peut-\u00eatre que vous nous regardez de temps en temps et que vous nous rappelez votre devise avec le sourire: pas de panique!<\/p>\n<p>Ulrich Scharf nous a quitt\u00e9s le 13 mars 2020 apr\u00e8s une longue maladie.<\/p>\n<p><strong>Symposium sur les sciences culturelles<\/strong><br \/>\nUn symposium sur les sciences culturelles a \u00e9t\u00e9 organis\u00e9 \u00e0 Yaoui du 20 au 23 d\u00e9cembre 2018. L&#8217;objectif \u00e9tait de recueillir des connaissances sur l&#8217;important site arch\u00e9ologique d&#8217;Etoo, situ\u00e9 \u00e0 proximit\u00e9 imm\u00e9diate du village de Yaoui. Fort Etoo est d&#8217;une grande importance historique pour la population de la r\u00e9gion.<\/p>\n<p>Pour le <a href=\"http:\/\/yaoui.de\/wp-content\/uploads\/2019\/08\/RAPPORT-SYMPOSIUM-YAOUI-Fb.pdf\">r\u00e9sum\u00e9 du symposium<\/a><\/p>\n<p>Le <strong>prochain symposium<\/strong> est pr\u00e9vu pour le <strong>19-20. D\u00e9cembre 2019<\/strong>. Il y a actuellement un appel \u00e0 communications: <a href=\"http:\/\/yaoui.de\/wp-content\/uploads\/2019\/08\/Appel-communication-020819.pdf\">Call for Papers<\/a> (ouvert jusqu&#8217;au 30 octobre 2019).<\/p>\n<p>Vid\u00e9o sur le site arch\u00e9ologique d&#8217;Etoo:<\/p>\n<p><iframe loading=\"lazy\" src=\"https:\/\/www.youtube.com\/embed\/yQohst8qcNI\" width=\"560\" height=\"315\" frameborder=\"0\" allowfullscreen=\"allowfullscreen\" data-mce-fragment=\"1\"><\/iframe><\/p>\n<div class=\"rpfc-container\"><ul><li><a href=\"https:\/\/yaoui.de\/?p=1533\">Mitgliederversammlung 31.01.2026<\/a><br><span>Liebe Freunde und F\u00f6rderer von Yaoui e.V., wir m\u00f6chten alle Mitglieder hiermit recht herzlich zur Mitgliederversammlung 2026 einladen. Die MV findet statt am: Samstag, den 31. Januar 2026 um 17:00 Uhr im: Haus der Diakonie Hilden\/Nachbarschaftszentrum St. Konrad Allee 76a, 40723 Hilden (direkt hinter der Erl\u00f6serkirche in Hilden) Teilnahme ist vor Ort oder Online m\u00f6glich.<\/span><\/li><li><a href=\"https:\/\/yaoui.de\/?p=1488\">Mitgliederversammlung 02.02.2025<\/a><br><span>Wir m\u00f6chten Euch recht herzlich zu unserer n\u00e4chsten Mitgliederversammlung einladen. Sie findet statt am: Sonntag, den 02. Februar 2025 um 15:00 Uhr im Haus der Diakonie Hilden (Nachbarschaftszentrum) St. Konrad Alle 76a 40723 Hilden (Direkt hinter der Erl\u00f6serkirche)<\/span><\/li><li><a href=\"https:\/\/yaoui.de\/?p=1236\">General Meeting 25.02.2024<\/a><br><span>We would like to invite you to our General Meeting of 2024. It will take place at: 25.02.2024, 02:30 PM Haus der Diakonie Hilden (Nachbarschaftszentrum) St. Konrad Alle 76a 40723 Hilden (direktly behind the Erl\u00f6serkirche)<\/span><\/li><li><a href=\"https:\/\/yaoui.de\/?p=1234\">Mitgliederversammlung 25.02.2024<\/a><br><span>Wir m\u00f6chten Euch recht herzlich zu unserer n\u00e4chsten Mitgliederversammlung einladen. Sie findet statt am: Sonntag, den 25. Februar 2024 um 14:30 Uhr im Haus der Diakonie Hilden (Nachbarschaftszentrum) St. Konrad Alle 76a 40723 Hilden (Direkt hinter der Erl\u00f6serkirche)<\/span><\/li><\/ul><\/div>\n","protected":false},"excerpt":{"rendered":"<p>Actuellement l&#8217;organisation se concentre sur Yaoui, un village \u00e0 B\u00e9nin en Afrique de l&#8217;Ouest, o\u00f9 on soutient une \u00e9cole et rend possible en m\u00eame temps l&#8217;\u00e9ducation des enfants du village entier. Pour plus de d\u00e9tails et d&#8217;informations sur d&#8217;afiliation, s&#8217;il vous pla\u00eet vous r\u00e9f\u00e9rer \u00e0 notre pliant d\u2019information (en allemand). Actuel Nous pleurons la perte &hellip; <a href=\"https:\/\/yaoui.de\/?p=1234\" class=\"more-link\"><span class=\"screen-reader-text\">Mitgliederversammlung 25.02.2024<\/span> weiterlesen <span class=\"meta-nav\">&rarr;<\/span><\/a><\/p>\n","protected":false},"author":2,"featured_media":0,"parent":0,"menu_order":0,"comment_status":"closed","ping_status":"closed","template":"","meta":{"footnotes":""},"language":[8],"class_list":["post-809","page","type-page","status-publish","hentry","language-fr_fr"],"_links":{"self":[{"href":"https:\/\/yaoui.de\/index.php?rest_route=\/wp\/v2\/pages\/809","targetHints":{"allow":["GET"]}}],"collection":[{"href":"https:\/\/yaoui.de\/index.php?rest_route=\/wp\/v2\/pages"}],"about":[{"href":"https:\/\/yaoui.de\/index.php?rest_route=\/wp\/v2\/types\/page"}],"author":[{"embeddable":true,"href":"https:\/\/yaoui.de\/index.php?rest_route=\/wp\/v2\/users\/2"}],"replies":[{"embeddable":true,"href":"https:\/\/yaoui.de\/index.php?rest_route=%2Fwp%2Fv2%2Fcomments&post=809"}],"version-history":[{"count":18,"href":"https:\/\/yaoui.de\/index.php?rest_route=\/wp\/v2\/pages\/809\/revisions"}],"predecessor-version":[{"id":1241,"href":"https:\/\/yaoui.de\/index.php?rest_route=\/wp\/v2\/pages\/809\/revisions\/1241"}],"wp:attachment":[{"href":"https:\/\/yaoui.de\/index.php?rest_route=%2Fwp%2Fv2%2Fmedia&parent=809"}],"wp:term":[{"taxonomy":"language","embeddable":true,"href":"https:\/\/yaoui.de\/index.php?rest_route=%2Fwp%2Fv2%2Flanguage&post=809"}],"curies":[{"name":"wp","href":"https:\/\/api.w.org\/{rel}","templated":true}]}}

<p><a href="http://yaoui.de/wp-content/uploads/2014/10/Vereinslogo_neu.jpg" rel="lightbox[1234]"><img loading="lazy" decoding="async" class="size-full wp-image-94" src="http://yaoui.de/wp-content/uploads/2014/10/Vereinslogo_neu.jpg" alt="Logo-Banner" width="550" height="130" srcset="https://yaoui.de/wp-content/uploads/2014/10/Vereinslogo_neu.jpg 550w, https://yaoui.de/wp-content/uploads/2014/10/Vereinslogo_neu-300x70.jpg 300w" sizes="auto, (max-width: 550px) 100vw, 550px" /></a></p>
<p>Actuellement l&#8217;organisation se concentre sur Yaoui, un village à Bénin en Afrique de l&#8217;Ouest, où on soutient une école et rend possible en même temps l&#8217;éducation des enfants du village entier.</p>
<p>Pour plus de détails et d&#8217;informations sur d&#8217;afiliation, s&#8217;il vous plaît vous référer à notre <a href="http://yaoui.de/wp-content/uploads/2021/05/Flyer_Vorlage_2021.pdf" target="_blank" rel="noopener noreferrer">pliant d’information</a> (en allemand).</p>
<div id="metaslider-id-742" style="max-width: 700px;" class="ml-slider-3-92-0 metaslider metaslider-flex metaslider-742 ml-slider ms-theme-default" role="region" aria-roledescription="Slideshow" aria-label="Neue Diashow">
    <div id="metaslider_container_742">
        <div id="metaslider_742">
            <ul class='slides'>
                <li style="display: block; width: 100%;" class="slide-159 ms-image " aria-roledescription="slide" aria-label="slide-159"><img loading="lazy" decoding="async" src="https://yaoui.de/wp-content/uploads/2014/12/Benin-2014-–-0491-e1418507117922-700x350.jpg" height="350" width="700" alt="" class="slider-742 slide-159" /></li>
                <li style="display: none; width: 100%;" class="slide-743 ms-image " aria-roledescription="slide" aria-label="slide-743"><img loading="lazy" decoding="async" src="https://yaoui.de/wp-content/uploads/2015/01/Benin-2014-–-0264-700x350.jpg" height="350" width="700" alt="" class="slider-742 slide-743" /></li>
                <li style="display: none; width: 100%;" class="slide-744 ms-image " aria-roledescription="slide" aria-label="slide-744"><img loading="lazy" decoding="async" src="https://yaoui.de/wp-content/uploads/2015/01/Benin-2014-–-0650-700x350.jpg" height="350" width="700" alt="" class="slider-742 slide-744" /></li>
                <li style="display: none; width: 100%;" class="slide-745 ms-image " aria-roledescription="slide" aria-label="slide-745"><img loading="lazy" decoding="async" src="https://yaoui.de/wp-content/uploads/2015/01/Benin-2014-–-0849-700x350.jpg" height="350" width="700" alt="" class="slider-742 slide-745" /></li>
            </ul>
        </div>
        
    </div>
</div>
<h3>Actuel</h3>
<p><strong>Nous pleurons la perte de notre 1er président Ulrich Scharf.</strong></p>
<p><a href="http://yaoui.de/wp-content/uploads/2020/03/Uli.jpg" rel="lightbox[1234]"><img loading="lazy" decoding="async" class="size-medium wp-image-1077 alignright" src="http://yaoui.de/wp-content/uploads/2020/03/Uli-200x300.jpg" alt="Wir trauern um Ulrich Scharf" width="200" height="300" srcset="https://yaoui.de/wp-content/uploads/2020/03/Uli-200x300.jpg 200w, https://yaoui.de/wp-content/uploads/2020/03/Uli.jpg 640w" sizes="auto, (max-width: 200px) 100vw, 200px" /></a>Cher Uli,<br />
nous regardons en arrière avec une grande gratitude pour le temps que nous avons été autorisés à passer avec toi. Tu as été un pilier essentiel de notre association depuis le début. Mais surtout, tu étais un merveilleux ami. Nous manquerons les discussions mutuelles, tes conseils dans toutes les situations, ton humour et ton optimisme á toute épreuve.<br />
Votre visite au Bénin et à Yaoui début 2014 a beaucoup compté pour vous et a également été extrêmement importante pour l&#8217;associacion. Nous vous en remercions du fond du cœur également. Nous espérons que vous allez bien où vous en êtes maintenant. Peut-être que vous nous regardez de temps en temps et que vous nous rappelez votre devise avec le sourire: pas de panique!</p>
<p>Ulrich Scharf nous a quittés le 13 mars 2020 après une longue maladie.</p>
<p><strong>Symposium sur les sciences culturelles</strong><br />
Un symposium sur les sciences culturelles a été organisé à Yaoui du 20 au 23 décembre 2018. L&#8217;objectif était de recueillir des connaissances sur l&#8217;important site archéologique d&#8217;Etoo, situé à proximité immédiate du village de Yaoui. Fort Etoo est d&#8217;une grande importance historique pour la population de la région.</p>
<p>Pour le <a href="http://yaoui.de/wp-content/uploads/2019/08/RAPPORT-SYMPOSIUM-YAOUI-Fb.pdf">résumé du symposium</a></p>
<p>Le <strong>prochain symposium</strong> est prévu pour le <strong>19-20. Décembre 2019</strong>. Il y a actuellement un appel à communications: <a href="http://yaoui.de/wp-content/uploads/2019/08/Appel-communication-020819.pdf">Call for Papers</a> (ouvert jusqu&#8217;au 30 octobre 2019).</p>
<p>Vidéo sur le site archéologique d&#8217;Etoo:</p>
<p><iframe loading="lazy" src="https://www.youtube.com/embed/yQohst8qcNI" width="560" height="315" frameborder="0" allowfullscreen="allowfullscreen" data-mce-fragment="1"></iframe></p>
<div class="rpfc-container"><ul><li><a href="https://yaoui.de/?p=1533">Mitgliederversammlung 31.01.2026</a><br><span>Liebe Freunde und Förderer von Yaoui e.V., wir möchten alle Mitglieder hiermit recht herzlich zur Mitgliederversammlung 2026 einladen. Die MV findet statt am: Samstag, den 31. Januar 2026 um 17:00 Uhr im: Haus der Diakonie Hilden/Nachbarschaftszentrum St. Konrad Allee 76a, 40723 Hilden (direkt hinter der Erlöserkirche in Hilden) Teilnahme ist vor Ort oder Online möglich.</span></li><li><a href="https://yaoui.de/?p=1488">Mitgliederversammlung 02.02.2025</a><br><span>Wir möchten Euch recht herzlich zu unserer nächsten Mitgliederversammlung einladen. Sie findet statt am: Sonntag, den 02. Februar 2025 um 15:00 Uhr im Haus der Diakonie Hilden (Nachbarschaftszentrum) St. Konrad Alle 76a 40723 Hilden (Direkt hinter der Erlöserkirche)</span></li><li><a href="https://yaoui.de/?p=1236">General Meeting 25.02.2024</a><br><span>We would like to invite you to our General Meeting of 2024. It will take place at: 25.02.2024, 02:30 PM Haus der Diakonie Hilden (Nachbarschaftszentrum) St. Konrad Alle 76a 40723 Hilden (direktly behind the Erlöserkirche)</span></li><li><a href="https://yaoui.de/?p=1234">Mitgliederversammlung 25.02.2024</a><br><span>Wir möchten Euch recht herzlich zu unserer nächsten Mitgliederversammlung einladen. Sie findet statt am: Sonntag, den 25. Februar 2024 um 14:30 Uhr im Haus der Diakonie Hilden (Nachbarschaftszentrum) St. Konrad Alle 76a 40723 Hilden (Direkt hinter der Erlöserkirche)</span></li></ul></div>

<p>Actuellement l&#8217;organisation se concentre sur Yaoui, un village à Bénin en Afrique de l&#8217;Ouest, où on soutient une école et rend possible en même temps l&#8217;éducation des enfants du village entier. Pour plus de détails et d&#8217;informations sur d&#8217;afiliation, s&#8217;il vous plaît vous référer à notre pliant d’information (en allemand). Actuel Nous pleurons la perte &hellip; <a href="https://yaoui.de/?p=1234" class="more-link"><span class="screen-reader-text">Mitgliederversammlung 25.02.2024</span> weiterlesen <span class="meta-nav">&rarr;</span></a></p>
